{"id":33,"date":"2022-02-28T08:35:37","date_gmt":"2022-02-28T08:35:37","guid":{"rendered":"http:\/\/www.inegolatlasspor.com\/?page_id=33"},"modified":"2023-02-02T20:01:25","modified_gmt":"2023-02-02T20:01:25","slug":"idari-kadromuz","status":"publish","type":"page","link":"http:\/\/www.inegolatlasspor.com\/?page_id=33","title":{"rendered":"\u0130dari Kadromuz"},"content":{"rendered":"\t\t<div data-elementor-type=\"wp-page\" data-elementor-id=\"33\" class=\"elementor elementor-33\">\n\t\t\t\t\t\t<section class=\"elementor-section elementor-top-section elementor-element elementor-element-2d41e84 elementor-section-boxed elementor-section-height-default elementor-section-height-default\" data-id=\"2d41e84\" data-element_type=\"section\" data-e-type=\"section\">\n\t\t\t\t\t\t<div class=\"elementor-container elementor-column-gap-default\">\n\t\t\t\t\t<div class=\"elementor-column elementor-col-100 elementor-top-column elementor-element elementor-element-250155a\" data-id=\"250155a\" data-element_type=\"column\" data-e-type=\"column\">\n\t\t\t<div class=\"elementor-widget-wrap elementor-element-populated\">\n\t\t\t\t\t\t<div class=\"elementor-element elementor-element-1a1ce04 elementor-widget elementor-widget-text-editor\" data-id=\"1a1ce04\" data-element_type=\"widget\" data-e-type=\"widget\" data-widget_type=\"text-editor.default\">\n\t\t\t\t<div class=\"elementor-widget-container\">\n\t\t\t\t\t\t\t\t\t<p>*<strong>\u00c7a\u011fda\u015f \u00c7elik<\/strong> &#8211; Kul\u00fcp Ba\u015fkan\u0131<br \/>*<strong>B\u00fclent Burak Bolat<\/strong> &#8211; Ba\u015fkan Yard\u0131mc\u0131s\u0131<br \/>*<strong>Ey\u00fcp Sel\u00e7uk Bozoklu<\/strong> &#8211; As Ba\u015fkan Hentbol \u015eube Sorumlusu <br \/>*<strong>Serhat Onay<\/strong> &#8211; As Ba\u015fkan Basketbol \u015eube Sorumlusu<br \/>*<strong>F\u0131rat I\u015f\u0131k<\/strong> &#8211; Voleybol \u015eube Sorumlusu<br \/>*<strong>Bilgehan A\u015f\u0131k<\/strong> &#8211; Mali \u0130\u015fler Sorumlusu<br \/>*<strong>\u0130brahim \u015eenal<\/strong> &#8211; Genel Sekreter<br \/>*<strong>O\u011fuzhan Sungur<\/strong> &#8211; Bas\u0131n S\u00f6zc\u00fcs\u00fc<br \/>*<strong>Ozan Sungur<\/strong> &#8211; Sosyal Medya Sorumlusu<br \/>*<strong>\u00c7a\u011fatay \u00c7ak\u0131r<\/strong> &#8211; Tesisler Sorumlusu<br \/>*<strong>H\u00fcseyin Kara<\/strong> &#8211; Denetleme Kurulu Ba\u015fkan\u0131 <br \/>*<strong>Bar\u0131\u015f \u00c7elik<\/strong> &#8211; Denetleme Kurulu<br \/>*<strong>Kemal Mert Samur<\/strong> &#8211; Denetleme Kurulu<\/p>\t\t\t\t\t\t\t\t<\/div>\n\t\t\t\t<\/div>\n\t\t\t\t\t<\/div>\n\t\t<\/div>\n\t\t\t\t\t<\/div>\n\t\t<\/section>\n\t\t\t\t<\/div>\n\t\t","protected":false},"excerpt":{"rendered":"<p>*\u00c7a\u011fda\u015f \u00c7elik &#8211; Kul\u00fcp Ba\u015fkan\u0131*B\u00fclent Burak Bolat &#8211; Ba\u015fkan Yard\u0131mc\u0131s\u0131*Ey\u00fcp Sel\u00e7uk Bozoklu &#8211; As Ba\u015fkan Hentbol \u015eube Sorumlusu *Serhat Onay &#8211; As Ba\u015fkan Basketbol \u015eube Sorumlusu*F\u0131rat I\u015f\u0131k &#8211; Voleybol \u015eube Sorumlusu*Bilgehan A\u015f\u0131k &#8211; Mali \u0130\u015fler Sorumlusu*\u0130brahim \u015eenal &#8211; Genel Sekreter*O\u011fuzhan Sungur &#8211; Bas\u0131n S\u00f6zc\u00fcs\u00fc*Ozan Sungur &#8211; Sosyal Medya Sorumlusu*\u00c7a\u011fatay \u00c7ak\u0131r &#8211; Tesisler Sorumlusu*H\u00fcseyin Kara &#8211; [&hellip;]<\/p>\n","protected":false},"author":1,"featured_media":0,"parent":0,"menu_order":0,"comment_status":"closed","ping_status":"closed","template":"","meta":{"footnotes":""},"class_list":["post-33","page","type-page","status-publish","hentry"],"_links":{"self":[{"href":"http:\/\/www.inegolatlasspor.com\/index.php?rest_route=\/wp\/v2\/pages\/33","targetHints":{"allow":["GET"]}}],"collection":[{"href":"http:\/\/www.inegolatlasspor.com\/index.php?rest_route=\/wp\/v2\/pages"}],"about":[{"href":"http:\/\/www.inegolatlasspor.com\/index.php?rest_route=\/wp\/v2\/types\/page"}],"author":[{"embeddable":true,"href":"http:\/\/www.inegolatlasspor.com\/index.php?rest_route=\/wp\/v2\/users\/1"}],"replies":[{"embeddable":true,"href":"http:\/\/www.inegolatlasspor.com\/index.php?rest_route=%2Fwp%2Fv2%2Fcomments&post=33"}],"version-history":[{"count":10,"href":"http:\/\/www.inegolatlasspor.com\/index.php?rest_route=\/wp\/v2\/pages\/33\/revisions"}],"predecessor-version":[{"id":280,"href":"http:\/\/www.inegolatlasspor.com\/index.php?rest_route=\/wp\/v2\/pages\/33\/revisions\/280"}],"wp:attachment":[{"href":"http:\/\/www.inegolatlasspor.com\/index.php?rest_route=%2Fwp%2Fv2%2Fmedia&parent=33"}],"curies":[{"name":"wp","href":"https:\/\/api.w.org\/{rel}","templated":true}]}}

İdari Kadromuz

<div data-elementor-type="wp-page" data-elementor-id="33" class="elementor elementor-33">
						<section class="elementor-section elementor-top-section elementor-element elementor-element-2d41e84 elementor-section-boxed elementor-section-height-default elementor-section-height-default" data-id="2d41e84" data-element_type="section" data-e-type="section">
						<div class="elementor-container elementor-column-gap-default">
					<div class="elementor-column elementor-col-100 elementor-top-column elementor-element elementor-element-250155a" data-id="250155a" data-element_type="column" data-e-type="column">
			<div class="elementor-widget-wrap elementor-element-populated">
						<div class="elementor-element elementor-element-1a1ce04 elementor-widget elementor-widget-text-editor" data-id="1a1ce04" data-element_type="widget" data-e-type="widget" data-widget_type="text-editor.default">
				<div class="elementor-widget-container">
									<p>*<strong>Çağdaş Çelik</strong> &#8211; Kulüp Başkanı<br />*<strong>Bülent Burak Bolat</strong> &#8211; Başkan Yardımcısı<br />*<strong>Eyüp Selçuk Bozoklu</strong> &#8211; As Başkan Hentbol Şube Sorumlusu <br />*<strong>Serhat Onay</strong> &#8211; As Başkan Basketbol Şube Sorumlusu<br />*<strong>Fırat Işık</strong> &#8211; Voleybol Şube Sorumlusu<br />*<strong>Bilgehan Aşık</strong> &#8211; Mali İşler Sorumlusu<br />*<strong>İbrahim Şenal</strong> &#8211; Genel Sekreter<br />*<strong>Oğuzhan Sungur</strong> &#8211; Basın Sözcüsü<br />*<strong>Ozan Sungur</strong> &#8211; Sosyal Medya Sorumlusu<br />*<strong>Çağatay Çakır</strong> &#8211; Tesisler Sorumlusu<br />*<strong>Hüseyin Kara</strong> &#8211; Denetleme Kurulu Başkanı <br />*<strong>Barış Çelik</strong> &#8211; Denetleme Kurulu<br />*<strong>Kemal Mert Samur</strong> &#8211; Denetleme Kurulu</p>								</div>
				</div>
					</div>
		</div>
					</div>
		</section>
				</div>

<p>*Çağdaş Çelik &#8211; Kulüp Başkanı*Bülent Burak Bolat &#8211; Başkan Yardımcısı*Eyüp Selçuk Bozoklu &#8211; As Başkan Hentbol Şube Sorumlusu *Serhat Onay &#8211; As Başkan Basketbol Şube Sorumlusu*Fırat Işık &#8211; Voleybol Şube Sorumlusu*Bilgehan Aşık &#8211; Mali İşler Sorumlusu*İbrahim Şenal &#8211; Genel Sekreter*Oğuzhan Sungur &#8211; Basın Sözcüsü*Ozan Sungur &#8211; Sosyal Medya Sorumlusu*Çağatay Çakır &#8211; Tesisler Sorumlusu*Hüseyin Kara &#8211; [&hellip;]</p>
